{"id":1070,"date":"2021-08-01T17:45:20","date_gmt":"2021-08-01T17:45:20","guid":{"rendered":"https:\/\/bslthemes.site\/larson\/?page_id=1070"},"modified":"2022-03-28T08:45:49","modified_gmt":"2022-03-28T08:45:49","slug":"home-video","status":"publish","type":"page","link":"https:\/\/be-reinigung.ch\/","title":{"rendered":"BE Reinigung &#8211; Ihre Reinigung im Kanton Bern"},"content":{"rendered":"\t\t<div data-elementor-type=\"wp-page\" data-elementor-id=\"1070\" class=\"elementor elementor-1070\" data-elementor-settings=\"[]\">\n\t\t\t\t\t\t\t<div class=\"elementor-section-wrap\">\n\t\t\t\t\t\t\t<section class=\"elementor-section elementor-top-section elementor-element elementor-element-99d7b42 elementor-section-full_width elementor-section-height-default elementor-section-height-default\" data-id=\"99d7b42\" data-element_type=\"section\">\n\t\t\t\t\t\t<div class=\"elementor-container elementor-column-gap-no\">\n\t\t\t\t\t<div class=\"elementor-column elementor-col-100 elementor-top-column elementor-element elementor-element-903dd9d\" data-id=\"903dd9d\" data-element_type=\"column\">\n\t\t\t<div class=\"elementor-widget-wrap elementor-element-populated\">\n\t\t\t\t\t\t\t\t<div class=\"elementor-element elementor-element-18f4c75 elementor-widget elementor-widget-larson-video-section\" data-id=\"18f4c75\" data-element_type=\"widget\" data-widget_type=\"larson-video-section.default\">\n\t\t\t\t<div class=\"elementor-widget-container\">\n\t\t\t\n\t\t<section class=\"video-section video-section--fixed\">\n\t      <div class=\"video-section__inner\">\n\t        \t        <video autoplay loop muted>\n\t          <source src=\"https:\/\/be-reinigung.ch\/wp-content\/uploads\/2022\/03\/be-d.mp4\" type=\"video\/mp4\">\n\t        <\/video>\n\t    \t\t        \t        <a class=\"video-section__logo logo--large logo--white logo\">\n\t          \t          \t\t          \t<img src=\"https:\/\/be-reinigung.ch\/wp-content\/uploads\/2022\/03\/wlc-900x133.png\" alt=\"\" \/>\n\t         \t\t          \t        <\/a>\n\t        \t        <div class=\"video-section__bottom\" data-aos=\"fade\">\n\t          \t          <div class=\"video-section__copy\">\n\t          \t<div >\n\t\t\t\t\t<p><img loading=\"lazy\" class=\"wp-image-1530 alignleft\" src=\"https:\/\/be-reinigung.ch\/wp-content\/uploads\/2021\/07\/LOGO-BE-300x55.png\" alt=\"\" width=\"93\" height=\"17\" srcset=\"https:\/\/be-reinigung.ch\/wp-content\/uploads\/2021\/07\/LOGO-BE-300x55.png 300w, https:\/\/be-reinigung.ch\/wp-content\/uploads\/2021\/07\/LOGO-BE-1024x187.png 1024w, https:\/\/be-reinigung.ch\/wp-content\/uploads\/2021\/07\/LOGO-BE-768x141.png 768w, https:\/\/be-reinigung.ch\/wp-content\/uploads\/2021\/07\/LOGO-BE-900x165.png 900w, https:\/\/be-reinigung.ch\/wp-content\/uploads\/2021\/07\/LOGO-BE-1080x206.png 1080w, https:\/\/be-reinigung.ch\/wp-content\/uploads\/2021\/07\/LOGO-BE.png 1126w\" sizes=\"(max-width: 93px) 100vw, 93px\" \/>\u00a9 Be Reinigung 2022.<\/p>\t\t\n\t\t\t\t<\/div>\n\t          <\/div>\n\t      \t  \t      \t  \t        <\/div>\n\t      <\/div>\n\t    <\/section>\n\n\t\t\t\t<\/div>\n\t\t\t\t<\/div>\n\t\t\t\t\t<\/div>\n\t\t<\/div>\n\t\t\t\t\t\t\t<\/div>\n\t\t<\/section>\n\t\t\t\t<section class=\"elementor-section elementor-top-section elementor-element elementor-element-8ff7f76 elementor-section-boxed elementor-section-height-default elementor-section-height-default\" data-id=\"8ff7f76\" data-element_type=\"section\">\n\t\t\t\t\t\t<div class=\"elementor-container elementor-column-gap-default\">\n\t\t\t\t\t<div class=\"elementor-column elementor-col-100 elementor-top-column elementor-element elementor-element-e0b2fdf\" data-id=\"e0b2fdf\" data-element_type=\"column\">\n\t\t\t<div class=\"elementor-widget-wrap elementor-element-populated\">\n\t\t\t\t\t\t\t\t<div class=\"elementor-element elementor-element-e01bad6 elementor-widget elementor-widget-larson-intro\" data-id=\"e01bad6\" data-element_type=\"widget\" data-widget_type=\"larson-intro.default\">\n\t\t\t\t<div class=\"elementor-widget-container\">\n\t\t\t\n\t\t<article class=\"article\">\n\t        <header class=\"article__header\">\n\t          <div class=\"container\">\n\t            \t            <h1 class=\"article__heading heading heading--size-large\">\n\t            \t<span >\n\t\t\t\t\t\tWillkommen\t\t\t\t\t<\/span>\n\t            <\/h1>\n\t            \t            \t            <div class=\"article__header-text\">\n\t            \t<span >\n\t\t\t\t\t\tWir hoffen, dass Sie alles finden, was Sie ben\u00f6tigen. Firmenname bem\u00fcht sich, hochqualitative Dienstleistungen zu bieten und Kundenw\u00fcnsche zu erf\u00fcllen - wir geben alles, um Ihre Erwartungen zu erf\u00fcllen.\n\nWir bieten zahlreiche Angebote, aus denen Sie w\u00e4hlen k\u00f6nnen und sind zuversichtlich, dass Sie mit unserem Service zufrieden sein werden. St\u00f6bern Sie durch unsere Homepage und erfahren Sie mehr \u00fcber uns oder setzen Sie sich direkt mit uns in Kontakt.\n\nWir sind ein Schweizer Unternehmen mit Sitz in Ostermundigen und im ganzen Kantonsgebiet Bern t\u00e4tig.\n\n<br><br>\t\t\t\t\t<\/span>\n\t            <\/div>\n\t            \t          <\/div>\n\t        <\/header>\n\t        \t    <\/article>\n\n\t\t\t\t<\/div>\n\t\t\t\t<\/div>\n\t\t\t\t\t<\/div>\n\t\t<\/div>\n\t\t\t\t\t\t\t<\/div>\n\t\t<\/section>\n\t\t\t\t<section class=\"elementor-section elementor-top-section elementor-element elementor-element-b37a91d elementor-section-boxed elementor-section-height-default elementor-section-height-default\" data-id=\"b37a91d\" data-element_type=\"section\">\n\t\t\t\t\t\t<div class=\"elementor-container elementor-column-gap-default\">\n\t\t\t\t\t<div class=\"elementor-column elementor-col-100 elementor-top-column elementor-element elementor-element-1d40347\" data-id=\"1d40347\" data-element_type=\"column\">\n\t\t\t<div class=\"elementor-widget-wrap elementor-element-populated\">\n\t\t\t\t\t\t\t\t<div class=\"elementor-element elementor-element-70a13fb elementor-widget elementor-widget-larson-intro\" data-id=\"70a13fb\" data-element_type=\"widget\" data-widget_type=\"larson-intro.default\">\n\t\t\t\t<div class=\"elementor-widget-container\">\n\t\t\t\n\t\t<article class=\"article\">\n\t        <header class=\"article__header\">\n\t          <div class=\"container\">\n\t            \t            <h1 class=\"article__heading heading heading--size-large\">\n\t            \t<span >\n\t\t\t\t\t\tReferenzen\t\t\t\t\t<\/span>\n\t            <\/h1>\n\t            \t            \t          <\/div>\n\t        <\/header>\n\t        \t    <\/article>\n\n\t\t\t\t<\/div>\n\t\t\t\t<\/div>\n\t\t\t\t\t<\/div>\n\t\t<\/div>\n\t\t\t\t\t\t\t<\/div>\n\t\t<\/section>\n\t\t\t\t<section class=\"elementor-section elementor-top-section elementor-element elementor-element-564a326 elementor-section-full_width elementor-section-height-default elementor-section-height-default\" data-id=\"564a326\" data-element_type=\"section\">\n\t\t\t\t\t\t<div class=\"elementor-container elementor-column-gap-no\">\n\t\t\t\t\t<div class=\"elementor-column elementor-col-100 elementor-top-column elementor-element elementor-element-bc91b25\" data-id=\"bc91b25\" data-element_type=\"column\">\n\t\t\t<div class=\"elementor-widget-wrap elementor-element-populated\">\n\t\t\t\t\t\t\t\t<div class=\"elementor-element elementor-element-fb61ac2 elementor-widget elementor-widget-larson-partners\" data-id=\"fb61ac2\" data-element_type=\"widget\" data-widget_type=\"larson-partners.default\">\n\t\t\t\t<div class=\"elementor-widget-container\">\n\t\t\t\n\t\t<!-- Partners-->\n\t\t<section class=\"webpage__partners partners\">\n\t\t\t<div class=\"partners__inner container\">\n\t\t\t  \t\t\t  <ul class=\"partners__list\">\n\t\t\t    \t\t\t    <li class=\"partners__item\" data-aos=\"fade\" data-aos-delay=\"0\">\n\t\t\t      \t\t\t\t  <a href=\"http:\/\/www.wincasa.ch\/\" title=\"http:\/\/EnteWincasa%20Immobilien%20,%20Bernr%20title\">\n\t\t\t\t  \t\t\t      \t\t\t      <img src=\"https:\/\/be-reinigung.ch\/wp-content\/uploads\/2022\/03\/wincasa.png\" alt=\"http:\/\/EnteWincasa%20Immobilien%20,%20Bernr%20title\" \/>\n\t\t\t      \t\t\t      \t\t\t\t  <\/a>\n\t\t\t\t  \t\t\t    <\/li>\n\t\t\t    \t\t\t    <li class=\"partners__item\" data-aos=\"fade\" data-aos-delay=\"200\">\n\t\t\t      \t\t\t\t  <a href=\"https:\/\/www.buechibau.ch\/\" title=\"http:\/\/B\u00dcCHI%20Bauunternemung%20AG%20Liegeschaftsverwaltung%20,%20Bern\">\n\t\t\t\t  \t\t\t      \t\t\t      <img src=\"https:\/\/be-reinigung.ch\/wp-content\/uploads\/2022\/03\/logo-redesign.png\" alt=\"http:\/\/B\u00dcCHI%20Bauunternemung%20AG%20Liegeschaftsverwaltung%20,%20Bern\" \/>\n\t\t\t      \t\t\t      \t\t\t\t  <\/a>\n\t\t\t\t  \t\t\t    <\/li>\n\t\t\t    \t\t\t    <li class=\"partners__item\" data-aos=\"fade\" data-aos-delay=\"400\">\n\t\t\t      \t\t\t\t  <a href=\"http:\/\/www.notare-brunner.ch\/\" title=\"http:\/\/Notariat%20Verwaltungen%20Brunnen%20&#038;%20Co.%20Bern\">\n\t\t\t\t  \t\t\t      \t\t\t      <img src=\"https:\/\/be-reinigung.ch\/wp-content\/uploads\/2022\/03\/aaa-20logo-notariat-20und-20verwaltungen-20brunner-20-20co-gross.jpg\" alt=\"http:\/\/Notariat%20Verwaltungen%20Brunnen%20&#038;%20Co.%20Bern\" \/>\n\t\t\t      \t\t\t      \t\t\t\t  <\/a>\n\t\t\t\t  \t\t\t    <\/li>\n\t\t\t    \t\t\t    <li class=\"partners__item\" data-aos=\"fade\" data-aos-delay=\"600\">\n\t\t\t      \t\t\t\t  <a href=\"https:\/\/www.livit.ch\/\" title=\"http:\/\/Livit%20AG\">\n\t\t\t\t  \t\t\t      \t\t\t      <img src=\"https:\/\/be-reinigung.ch\/wp-content\/uploads\/2022\/03\/logo-1.png\" alt=\"http:\/\/Livit%20AG\" \/>\n\t\t\t      \t\t\t      \t\t\t\t  <\/a>\n\t\t\t\t  \t\t\t    <\/li>\n\t\t\t    \t\t\t    <li class=\"partners__item\" data-aos=\"fade\" data-aos-delay=\"800\">\n\t\t\t      \t\t\t\t  <a href=\"https:\/\/www.as-immo.ch\/\" title=\"http:\/\/AS%20Immobilien%20AG%20,%20Bern\">\n\t\t\t\t  \t\t\t      \t\t\t      <img src=\"https:\/\/be-reinigung.ch\/wp-content\/uploads\/2022\/03\/logo_as_immo_claim_grau_rgb_web-1.webp\" alt=\"http:\/\/AS%20Immobilien%20AG%20,%20Bern\" \/>\n\t\t\t      \t\t\t      \t\t\t\t  <\/a>\n\t\t\t\t  \t\t\t    <\/li>\n\t\t\t    \t\t\t    <li class=\"partners__item\" data-aos=\"fade\" data-aos-delay=\"1000\">\n\t\t\t      \t\t\t\t  <a href=\"https:\/\/www.berimag.ch\/\" title=\"http:\/\/Berim%20Immobilien%20AG%20,%20Bern\">\n\t\t\t\t  \t\t\t      \t\t\t      <img src=\"https:\/\/be-reinigung.ch\/wp-content\/uploads\/2022\/03\/Berimag-Logo.png\" alt=\"http:\/\/Berim%20Immobilien%20AG%20,%20Bern\" \/>\n\t\t\t      \t\t\t      \t\t\t\t  <\/a>\n\t\t\t\t  \t\t\t    <\/li>\n\t\t\t    \t\t\t    <li class=\"partners__item\" data-aos=\"fade\" data-aos-delay=\"1200\">\n\t\t\t      \t\t\t\t  <a href=\"https:\/\/www.tak.ch\/\" title=\"http:\/\/Enter%20titTAK%20Treuhand%20AG%20,%20Berne\">\n\t\t\t\t  \t\t\t      \t\t\t      <img src=\"https:\/\/be-reinigung.ch\/wp-content\/uploads\/2022\/03\/TAK_Immobilien_Logo_Gross-1.jpg\" alt=\"http:\/\/Enter%20titTAK%20Treuhand%20AG%20,%20Berne\" \/>\n\t\t\t      \t\t\t      \t\t\t\t  <\/a>\n\t\t\t\t  \t\t\t    <\/li>\n\t\t\t    \t\t\t    <li class=\"partners__item\" data-aos=\"fade\" data-aos-delay=\"1400\">\n\t\t\t      \t\t\t\t  <a href=\"https:\/\/www.emmenegger-immobilien.ch\/\" title=\"http:\/\/Patrick%20Emmenegger%20,%20Bern\">\n\t\t\t\t  \t\t\t      \t\t\t      <img src=\"https:\/\/be-reinigung.ch\/wp-content\/uploads\/2022\/03\/Sig.P.Emmenegger_Immo_Verwaltungen_AG-900x171.jpg\" alt=\"http:\/\/Patrick%20Emmenegger%20,%20Bern\" \/>\n\t\t\t      \t\t\t      \t\t\t\t  <\/a>\n\t\t\t\t  \t\t\t    <\/li>\n\t\t\t    \t\t\t    <li class=\"partners__item\" data-aos=\"fade\" data-aos-delay=\"1600\">\n\t\t\t      \t\t\t\t  <a href=\"http:\/\/inniger-treuhand.ch\/\" title=\"http:\/\/Inniger%20Immobilien%20-%20Treuhand%20GmbH,%20Bernle\">\n\t\t\t\t  \t\t\t      \t\t\t      <img src=\"https:\/\/be-reinigung.ch\/wp-content\/uploads\/2022\/03\/Logo-inniger.png\" alt=\"http:\/\/Inniger%20Immobilien%20-%20Treuhand%20GmbH,%20Bernle\" \/>\n\t\t\t      \t\t\t      \t\t\t\t  <\/a>\n\t\t\t\t  \t\t\t    <\/li>\n\t\t\t    \t\t\t    <li class=\"partners__item\" data-aos=\"fade\" data-aos-delay=\"1800\">\n\t\t\t      \t\t\t\t  <a href=\"https:\/\/www.its-bern.ch\/\" title=\"http:\/\/ITS%20Immobilien%20-%20Treuhand%20Scheideggere\">\n\t\t\t\t  \t\t\t      \t\t\t      <img src=\"https:\/\/be-reinigung.ch\/wp-content\/uploads\/2022\/03\/its-immo.webp\" alt=\"http:\/\/ITS%20Immobilien%20-%20Treuhand%20Scheideggere\" \/>\n\t\t\t      \t\t\t      \t\t\t\t  <\/a>\n\t\t\t\t  \t\t\t    <\/li>\n\t\t\t    \t\t\t    <li class=\"partners__item\" data-aos=\"fade\" data-aos-delay=\"2000\">\n\t\t\t      \t\t\t\t  <a href=\"https:\/\/www.graffenried-liegenschaften.ch\/de\" title=\"http:\/\/VON%20GRAFFENRIED\">\n\t\t\t\t  \t\t\t      \t\t\t      <img src=\"https:\/\/be-reinigung.ch\/wp-content\/uploads\/2022\/03\/Download.png\" alt=\"http:\/\/VON%20GRAFFENRIED\" \/>\n\t\t\t      \t\t\t      \t\t\t\t  <\/a>\n\t\t\t\t  \t\t\t    <\/li>\n\t\t\t    \t\t\t    <li class=\"partners__item\" data-aos=\"fade\" data-aos-delay=\"2200\">\n\t\t\t      \t\t\t\t  <a href=\"https:\/\/www.saldo.ch\/\" title=\"http:\/\/Saldo.ch\">\n\t\t\t\t  \t\t\t      \t\t\t      <img src=\"https:\/\/be-reinigung.ch\/wp-content\/uploads\/2022\/03\/Download-1.png\" alt=\"http:\/\/Saldo.ch\" \/>\n\t\t\t      \t\t\t      \t\t\t\t  <\/a>\n\t\t\t\t  \t\t\t    <\/li>\n\t\t\t    \t\t\t  <\/ul>\n\t\t\t  \t\t\t<\/div>\n\t\t<\/section>\n\n\t\t\t\t<\/div>\n\t\t\t\t<\/div>\n\t\t\t\t<div class=\"elementor-element elementor-element-c6ead70 elementor-headline--style-highlight elementor-widget elementor-widget-animated-headline\" data-id=\"c6ead70\" data-element_type=\"widget\" data-settings=\"{&quot;marker&quot;:&quot;underline&quot;,&quot;highlighted_text&quot;:&quot;Zuverlassig&quot;,&quot;headline_style&quot;:&quot;highlight&quot;,&quot;loop&quot;:&quot;yes&quot;,&quot;highlight_animation_duration&quot;:1200,&quot;highlight_iteration_delay&quot;:8000}\" data-widget_type=\"animated-headline.default\">\n\t\t\t\t<div class=\"elementor-widget-container\">\n\t\t\t\t\t<h3 class=\"elementor-headline\">\n\t\t\t\t\t<span class=\"elementor-headline-plain-text elementor-headline-text-wrapper\">Professionell - Exakt - <\/span>\n\t\t\t\t<span class=\"elementor-headline-dynamic-wrapper elementor-headline-text-wrapper\">\n\t\t\t\t\t<span class=\"elementor-headline-dynamic-text elementor-headline-text-active\">Zuverlassig<\/span>\n\t\t\t\t<\/span>\n\t\t\t\t<\/h3>\n\t\t\t\t<\/div>\n\t\t\t\t<\/div>\n\t\t\t\t\t<\/div>\n\t\t<\/div>\n\t\t\t\t\t\t\t<\/div>\n\t\t<\/section>\n\t\t\t\t<section class=\"elementor-section elementor-top-section elementor-element elementor-element-c8f5bf9 elementor-section-full_width elementor-section-height-default elementor-section-height-default\" data-id=\"c8f5bf9\" data-element_type=\"section\">\n\t\t\t\t\t\t<div class=\"elementor-container elementor-column-gap-no\">\n\t\t\t\t\t<div class=\"elementor-column elementor-col-100 elementor-top-column elementor-element elementor-element-abe275b\" data-id=\"abe275b\" data-element_type=\"column\">\n\t\t\t<div class=\"elementor-widget-wrap\">\n\t\t\t\t\t\t\t\t\t<\/div>\n\t\t<\/div>\n\t\t\t\t\t\t\t<\/div>\n\t\t<\/section>\n\t\t\t\t\t\t<\/div>\n\t\t\t\t\t<\/div>\n\t\t","protected":false},"excerpt":{"rendered":"<p>Ihre Reinigung im Kanton Bern Bauendreinigung Bern B\u00fcroreinigung Bern Fensterreinigung Bern Putzfrau Bern Umzugsreinigung Bern Wohnungsreinigung Bern Ihre Reinigung im Kanton Bern Bauendreinigung Bern B\u00fcroreinigung Bern Fensterreinigung Bern Putzfrau Bern Umzugsreinigung Bern Wohnungsreinigung Bern Ihre Reinigung im Kanton Bern Bauendreinigung Bern B\u00fcroreinigung Bern Fensterreinigung Bern Putzfrau Bern Umzugsreinigung Bern Wohnungsreinigung&#8230; <\/p>\n<div class=\"readmore\"><a href=\"https:\/\/be-reinigung.ch\/\" class=\"btn-link\">Read more<\/a><\/div>\n","protected":false},"author":1,"featured_media":0,"parent":0,"menu_order":0,"comment_status":"closed","ping_status":"closed","template":"template-elementor-default.php","meta":{"_monsterinsights_skip_tracking":false,"_monsterinsights_sitenote_active":false,"_monsterinsights_sitenote_note":"","_monsterinsights_sitenote_category":0},"acf":[],"_links":{"self":[{"href":"https:\/\/be-reinigung.ch\/index.php?rest_route=\/wp\/v2\/pages\/1070"}],"collection":[{"href":"https:\/\/be-reinigung.ch\/index.php?rest_route=\/wp\/v2\/pages"}],"about":[{"href":"https:\/\/be-reinigung.ch\/index.php?rest_route=\/wp\/v2\/types\/page"}],"author":[{"embeddable":true,"href":"https:\/\/be-reinigung.ch\/index.php?rest_route=\/wp\/v2\/users\/1"}],"replies":[{"embeddable":true,"href":"https:\/\/be-reinigung.ch\/index.php?rest_route=%2Fwp%2Fv2%2Fcomments&post=1070"}],"version-history":[{"count":170,"href":"https:\/\/be-reinigung.ch\/index.php?rest_route=\/wp\/v2\/pages\/1070\/revisions"}],"predecessor-version":[{"id":2627,"href":"https:\/\/be-reinigung.ch\/index.php?rest_route=\/wp\/v2\/pages\/1070\/revisions\/2627"}],"wp:attachment":[{"href":"https:\/\/be-reinigung.ch\/index.php?rest_route=%2Fwp%2Fv2%2Fmedia&parent=1070"}],"curies":[{"name":"wp","href":"https:\/\/api.w.org\/{rel}","templated":true}]}}